sands digit of 3581?
3
What is the thousands digit of 4612?
4
What is the ten thousands digit of 16226?
1
What is the units digit of 8534?
4
What is the thousands digit of 37079?
7
What is the hundreds digit of 23203?
2
What is the units digit of 21505?
5
What is the hundreds digit of 11489?
4
What is the hundreds digit of 1266?
2
What is the thousands digit of 3519?
3
What is the hundreds digit of 3656?
6
What is the thousands digit of 2715?
2
What is the tens digit of 444?
4
What is the tens digit of 2022?
2
What is the hundreds digit of 105577?
5
What is the tens digit of 5286?
8
What is the hundreds digit of 2326?
3
What is the ten thousands digit of 24433?
2
What is the tens digit of 5261?
6
What is the hundreds digit of 1926?
9
What is the units digit of 549?
9
What is the hundreds digit of 12262?
2
What is the hundreds digit of 5138?
1
What is the hundreds digit of 468?
4
What is the tens digit of 1402?
0
What is the units digit of 254?
4
What is the thousands digit of 8079?
8
What is the hundreds digit of 113235?
2
What is the tens digit of 1618?
1
What is the tens digit of 44796?
9
What is the tens digit of 221?
2
What is the thousands digit of 8229?
8
What is the thousands digit of 20150?
0
What is the units digit of 2675?
5
What is the tens digit of 1758?
5
What is the units digit of 826?
6
What is the hundreds digit of 1791?
7
What is the ten thousands digit of 21288?
2
What is the tens digit of 1063?
6
What is the ten thousands digit of 20101?
2
What is the hundreds digit of 1674?
6
What is the thousands digit of 47269?
7
What is the tens digit of 1354?
5
What is the hundreds digit of 9783?
7
What is the hundreds digit of 879?
8
What is the hundreds digit of 1600?
6
What is the tens digit of 2657?
5
What is the units digit of 25673?
3
What is the units digit of 913?
3
What is the units digit of 17563?
3
What is the units digit of 773?
3
What is the tens digit of 1017?
1
What is the thousands digit of 7633?
7
What is the hundreds digit of 990?
9
What is the thousands digit of 8876?
8
What is the hundreds digit of 154?
1
What is the units digit of 18126?
6
What is the hundreds digit of 2324?
3
What is the ten thousands digit of 23938?
2
What is the tens digit of 759?
5
What is the units digit of 20047?
7
What is the units digit of 5617?
7
What is the units digit of 90?
0
What is the tens digit of 1908?
0
What is the tens digit of 658?
5
What is the units digit of 2271?
1
What is the hundreds digit of 53311?
3
What is the thousands digit of 13351?
3
What is the hundreds digit of 6950?
9
What is the thousands digit of 4366?
4
What is the tens digit of 28079?
7
What is the thousands digit of 3105?
3
What is the units digit of 10183?
3
What is the hundreds digit of 9779?
7
What is the thousands digit of 8561?
8
What is the hundreds digit of 889?
8
What is the ten thousands digit of 64092?
6
What is the hundreds digit of 8409?
4
What is the thousands digit of 44757?
4
What is the units digit of 147008?
8
What is the hundreds digit of 20196?
1
What is the tens digit of 1071?
7
What is the tens digit of 13786?
8
What is the tens digit of 47000?
0
What is the units digit of 322?
2
What is the hundreds digit of 197?
1
What is the hundreds digit of 5544?
5
What is the ten thousands digit of 54748?
5
What is the hundreds digit of 681?
6
What is the units digit of 858?
8
What is the hundreds digit of 2716?
7
What is the units digit of 49608?
8
What is the units digit of 42464?
4
What is the ten thousands digit of 18462?
1
What is the units digit of 6969?
9
What is the hundreds digit of 13237?
2
What is the tens digit of 1096?
9
What is the units digit of 535?
5
What is the thousands digit of 11492?
1
What is the thousands digit of 187779?
7
What is the units digit of 90091?
1
What is the thousands digit of 23330?
3
What is the tens digit of 4055?
5
What is the thousands digit of 3198?
3
What is the units digit of 20?
0
What is the thousands digit of 15566?
5
What is the hundreds digit of 35937?
9
What is the hundreds digit of 3014?
0
What is the thousands digit of 6019?
6
What is the thousands digit of 64008?
4
What is the hundreds digit of 109?
1
What is the thousands digit of 6107?
6
What is the thousands digit of 48181?
8
What is the hundreds digit of 356?
3
What is the units digit of 150948?
8
What is the hundreds digit of 18342?
3
What is the tens digit of 51?
5
What is the tens digit of 2683?
8
What is the hundreds digit of 2067?
0
What is the thousands digit of 50801?
0
What is the hundreds digit of 6129?
1
What is the tens digit of 3514?
1
What is the units digit of 7973?
3
What is the ten thousands digit of 166063?
6
What is the units digit of 3399?
9
What is the tens digit of 3073?
7
What is the hundreds digit of 6011?
0
What is the tens digit of 4969?
6
What is the tens digit of 539?
3
What is the units digit of 98029?
9
What is the hundreds digit of 1703?
7
What is the tens digit of 5753?
5
What is the hundreds digit of 13046?
0
What is the units digit of 5458?
8
What is the thousands digit of 15014?
5
What is the hundreds digit of 650?
6
What is the units digit of 2293?
3
What is the thousands digit of 10751?
0
What is the hundreds digit of 142?
1
What is the units digit of 714?
4
What is the thousands digit of 53633?
3
What is the units digit of 7868?
8
What is the tens digit of 1130?
3
What is the hundreds digit of 5525?
5
What is the thousands digit of 9782?
9
What is the thousands digit of 4516?
4
What is the thousands digit of 2547?
2
What is the units digit of 3006?
6
What is the ten thousands digit of 10210?
1
What is the thousands digit of 1415?
1
What is the tens digit of 7870?
7
What is the hundreds digit of 20096?
0
What is the tens digit of 5133?
3
What is the units digit of 7206?
6
What is the thousands digit of 54587?
4
What is the tens digit of 841?
4
What is the thousands digit of 10562?
0
What is the ten thousands digit of 55814?
5
What is the tens digit of 8256?
5
What is the hundreds digit of 1136?
1
What is the ten thousands digit of 23578?
2
What is the hundreds digit of 252?
2
What is the units digit of 9833?
3
What is the hundreds digit of 9128?
1
What is the hundreds digit of 1227?
2
What is the units digit of 7130?
0
What is the tens digit of 169697?
9
What is the ten thousands digit of 14066?
1
What is the thousands digit of 3093?
3
What is the units digit of 285?
5
What is the units digit of 18279?
9
What is the units digit of 46985?
5
What is the tens digit of 1406?
0
What is the units digit of 843?
3
What is the tens digit of 21626?
2
What is the thousands digit of 87934?
7
What is the hundreds digit of 1806?
8
What is the units digit of 2251?
1
What is the hundred thousands digit of 174915?
1
What is the hundreds digit of 2752?
7
What is the hundreds digit of 10397?
3
What is the tens digit of 33265?
6
What is the units digit of 140101?
1
What is the hundreds digit of 2292?
2
What is the hundreds digit of 1739?
7
What is the tens digit of 14840?
4
What is the hundreds digit of 6038?
0
What is the hundreds digit of 5299?
2
What is the units digit of 17877?
7
What is the units digit of 5297?
7
What is the units digit of 12805?
5
What is the thousands digit of 61509?
1
What is the units digit of 3069?
9
What is the tens digit of 235?
3
What is the thousands digit of 9182?
9
What is the tens digit of 1130?
3
What is the hundreds digit of 1079?
0
What is the tens digit of 2384?
8
What is the tens digit of 122889?
8
What is the tens digit of 9908?
0
What is the hundreds digit of 85294?
2
What is the thousands digit of 7500?
7
What is the thousands digit of 5075?
5
What is the hundreds digit of 17052?
0
What is the hundreds digit of 37354?
3
What is the units digit of 12315?
5
What is the tens digit of 829?
2
What is the tens digit of 29276?
7
What is the ten thousands digit of 167733?
6
What is the tens digit of 80675?
7
What is the tens digit of 345?
4
What is the units digit of 6589?
9
What is the ten thousands digit of 34917?
3
What is the hundreds digit of 170?
1
What is the tens digit of 1487?
8
What is the tens digit of 5395?
9
What is the units digit of 20559?
9
What is the units digit of 3722?
2
What is the hundreds digit of 197?
1
What is the thousands digit of 6650?
6
What is the units digit o